37
In base 14, what is -2c - 2adb97?
-2adbc5
In base 9, what is -1064 - -167840?
166765
In base 4, what is 1300033211 - 20331?
1300012220
In base 12, what is 145 + 13809?
13952
In base 12, what is 92 - -17195a?
171a30
In base 6, what is -5 + -10321431?
-10321440
In base 9, what is 10784557 + -3?
10784554
In base 13, what is -1c021cc + -1?
-1c02200
In base 9, what is -474825068 + 1?
-474825067
In base 14, what is -18b16787 + -1?
-18b16788
In base 8, what is 1667 - -66104?
67773
In base 10, what is 474190 + -173?
474017
In base 15, what is 338 - -88dc7?
89210
In base 14, what is -5d9a + -614?
-65b0
In base 10, what is -6027 + 2854?
-3173
In base 11, what is -122387a + 2?
-1223878
In base 8, what is -1201536 - 0?
-1201536
In base 5, what is -3 + -4041220004?
-4041220012
In base 2, what is -110000010010 + 100001100010011001?
100000110010000111
In base 7, what is 63343265 + -3?
63343262
In base 3, what is -11 - 11112200100120221?
-11112200100121002
In base 2, what is 1110100001111011001001001 + -100?
1110100001111011001000101
In base 12, what is 18 - -1940429?
1940445
In base 5, what is 4 - -322301013?
322301022
In base 11, what is 194 - 1691?
-14a8
In base 10, what is -8455 + -9574?
-18029
In base 14, what is a - -112ccd?
112cd9
In base 2, what is -101011000111011101011101 - 110111?
-101011000111011110010100
In base 3, what is 1100122222 + -222121?
1022200101
In base 4, what is 10 + 12222311231?
12222311301
In base 8, what is -1570022 - 1233?
-1571255
In base 12, what is -187b - 193?
-1a52
In base 3, what is 10 + 112221112102102122?
112221112102102202
In base 14, what is -12a - ba8d9?
-baa25
In base 7, what is -3541455 + 115?
-3541340
In base 7, what is 120124 + -16402?
100422
In base 2, what is 111111001011110000101 + -101?
111111001011110000000
In base 2, what is -1000111011100101111 + 1010?
-1000111011100100101
In base 13, what is -47 - 11b538?
-11b582
In base 5, what is 0 + -111104401410?
-111104401410
In base 12, what is -20069b0 - -2a?
-2006982
In base 12, what is -3 - 2797241?
-2797244
In base 2, what is -100001011111 + 1001011100110111011?
1001011000101011100
In base 7, what is 16004002 - 30?
16003642
In base 3, what is 1021 - -22022011102?
22022012200
In base 8, what is 5 - 4273625?
-4273620
In base 2, what is -1 - 110000001110100010010?
-110000001110100010011
In base 2, what is -10000011100000111 + -10100010?
-10000011110101001
In base 4, what is -1 - -2322230102?
2322230101
In base 7, what is -330011 - -46122?
-250556
In base 16, what is -c6 + cc5?
bff
In base 4, what is 10 - -21300023132?
21300023202
In base 9, what is -38026 + -1603?
-40630
In base 8, what is -4172 + -65203?
-71375
In base 8, what is 36777 + 20526?
57525
In base 15, what is -12a + -497d69?
-497e94
In base 9, what is -10 + 4081057?
4081047
In base 4, what is 10213023231101 + -10?
10213023231031
In base 9, what is -14836 - 620?
-15556
In base 3, what is 1002012 - -2010012100?
2011021112
In base 10, what is 74 - -170974?
171048
In base 10, what is 299 - 7933?
-7634
In base 9, what is 101 - 725667?
-725566
In base 7, what is -25334052 + 216?
-25333533
In base 8, what is 2176 - -4366?
6564
In base 4, what is -2002 - 3210312231?
-3210320233
In base 14, what is -2cbbdac9 - -2?
-2cbbdac7
In base 7, what is 512445 - -161?
512636
In base 8, what is 17 + 50407431?
50407450
In base 13, what is -20c2b21 - -19?
-20c2b05
In base 11, what is -1219671 - -2?
-121966a
In base 16, what is 4c807 + b?
4c812
In base 10, what is -7904609 + 10?
-7904599
In base 3, what is -1222101002022 + 201?
-1222101001121
In base 6, what is 10004 + -21020?
-11012
In base 3, what is 120221202 - 1?
120221201
In base 6, what is -21453031315 + 3?
-21453031312
In base 4, what is -11011101 + -1232202?
-12303303
In base 8, what is 117667 - -6567?
126456
In base 7, what is 3 - -3601522?
3601525
In base 6, what is 221224 + -151?
221033
In base 16, what is -5e + -beee?
-bf4c
In base 6, what is 24323 + -224504?
-200141
In base 9, what is -533 - -637130?
636486
In base 16, what is -62a - -19d2?
13a8
In base 8, what is 1675135 + -453?
1674462
In base 9, what is 38444603 + 3?
38444606
In base 15, what is -2102b - -18?
-21013
In base 11, what is -45585 + 4?
-45581
In base 10, what is -43 + 310692?
310649
In base 9, what is 32308 + 16664?
50073
In base 13, what is -2649a79 + -4?
-2649a80
In base 5, what is 11434103 - 10034?
11424014
In base 16, what is 2811 - 16501?
-13cf0
In base 7, what is -142 - 334363?
-334535
In base 15, what is -41 + -3a4b09?
-3a4b4a
In base 12, what is 5 + -80b974?
-80b96b
In base 5, what is 10114223 + -324?
10113344
In base 11, what is -11597 + -1612?
-130a9
In base 16, what is 2 + b89427?
b89429
In base 15, what is c - -39105?
39112
In base 7, what is -3 + 231166546?
231166543
In base 3, what is -100222 - 112212201?
-120020200
In base 11, what is -3164a12 - -3?
-3164a0a
In base 5, what is 0 + -21044403332?
-21044403332
In base 9, what is 703266 - 7?
703258
In base 7, what is 136663 + 243?
140236
In base 15, what is -6ccb + 7c1a?
e3e
In base 4, what is 3 - -30201013300?
30201013303
In base 7, what is 125131356 - 36?
125131320
In base 14, what is -202348 - -17?
-202331
In base 15, what is -451cda - -3?
-451cd7
In base 5, what is -13001340 + -1212?
-13003102
In base 10, what is -11602 + -1009?
-12611
In base 2, what is -111000100 + 1000100001100?
111101001000
In base 2, what is 1110010110111 - 110101110?
1101100001001
In base 14, what is 2904 + 256?
2b5a
In base 8, what is 466070 - 5776?
460072
In base 10, what is 1324 - -42810?
44134
In base 2, what is -1000 + 1100100111100000001110010?
1100100111100000001101010
In base 11, what is -18 - -79125?
79108
In base 3, what is 2000 - 12101012101?
-12101010101
In base 16, what is -c6e + -10d95?
-11a03
In base 15, what is -32eced - d?
-32ed0b
In base 10, what is 18386080 - 0?
18386080
In base 4, what is 21022 + 10022123?
10103211
In base 10, what is 31 - 706431?
-706400
In base 9, what is 4755 + 37522?
43377
In base 9, what is 152714 + -164?
152540
In base 5, what is -130412103224 - -1?
-130412103223
In base 15, what is -b7134 + -d?
-b7142
In base 12, what is 2b91 + 579?
354a
In base 11, what is 5 + -792320?
-792316
In base 9, what is -4032455 + 883?
-4031462
In base 6, what is -4430130 + -423?
-4430553
In base 9, what is -1443844 + 61?
-1443773
In base 14, what is -c278 + -4d?
-c2c7
In base 4, what is 12 - 212000011202?
-212000011130
In base 9, what is -1426457 + -124?
-1426582
In base 9, what is -20367 + -8277?
-28655
In base 12, what is 116 + 6b5b?
7075
In base 4, what is 32331131 + -330?
32330201
In base 15, what is -1ee28 + 16?
-1ee12
In base 3, what is 10 + 122211211002002002?
122211211002002012
In base 11, what is -43a26 + 2861?
-41175
In base 13, what is -1b1352b - 0?
-1b1352b
In base 6, what is -2313041051 - 34?
-2313041125
In base 15, what is d - 139406?
-1393e8
In base 11, what is -4 - -191126a?
1911266
In base 16, what is -6031b6 - -16?
-6031a0
In base 14, what is -6581 + -47?
-65c8
In base 10, what is -373818 + 4?
-373814
In base 3, what is -2 + 221010120001111?
221010120001102
In base 13, what is 4 - 2595b6?
-2595b2
In base 9, what is 6 - -147314486?
147314503
In base 4, what is -3100320100203 + -12?
-3100320100221
In base 13, what is 2b + 1a1b37?
1a1b65
In base 3, what is -1120211122120010 + 111?
-1120211122112122
In base 5, what is 2 - 212334440102?
-212334440100
In base 3, what is -1 - -221101201012110?
221101201012102
In base 13, what is -21 - -63692?
63671
In base 9, what is -5 + 1824663?
1824657
In base 13, what is 124293b - 8?
1242933
In base 15, what is -2226a + 165?
-22105
In base 4, what is 1102102 - 1112?
1100330
In base 9, what is -16674006 + -8?
-16674015
In base 14, what is -12bd4 - bc?
-12cb2
In base 6, what is -331 + 2313224?
2312453
In base 9, what is 833153 + -12?
833141
In base 16, what is 1828b9 + 43?
1828fc
In base 16, what is 12e7d0 + -2c6?
12e50a
In base 12, what is 1 - 13365a9?
-13365a8
In base 12, what is 19a + -3795?
-35b7
In base 15, what is -16c - -1d9e23?
1d9ca6
In base 9, what is -444675 + -81?
-444766
In base 10, what is 142110 + -490?
141620
In base 3, what is -2102112102222212 - 1?
-2102112102222220
In base 6, what is 45 + -12404225?
-12404140
In base 16, what is -1b - -6a55ae?
6a5593
In base 7, what is -5